{"id":2965,"date":"2023-11-01T09:32:09","date_gmt":"2023-11-01T09:32:09","guid":{"rendered":"http:\/\/parafialapy-pp.pl\/?page_id=2965"},"modified":"2025-02-16T15:04:38","modified_gmt":"2025-02-16T15:04:38","slug":"bierzmowanie","status":"publish","type":"page","link":"http:\/\/parafialapy-pp.pl\/index.php\/bierzmowanie\/","title":{"rendered":"Bierzmowanie"},"content":{"rendered":"\n<p class=\"has-background has-large-font-size\" style=\"background:linear-gradient(65deg,rgb(254,205,165) 0%,rgb(254,45,45) 89%,rgb(107,0,62) 100%)\"><strong>Uroczysto\u015b\u0107 Bierzmowania <\/strong><br><strong>25 kwietnia 2025 r na Mszy \u015bwi\u0119tej o godzinie 15<sup>00<\/sup>.<\/strong><\/p>\n\n\n\n<p>Bierzmowanie jest kolejnym spo\u015br\u00f3d sakrament\u00f3w wtajemniczenia chrze\u015bcija\u0144skiego. Przyj\u0119cie tego sakramentu jest koniecznym dope\u0142nieniem \u0142aski chrztu \u015bwi\u0119tego.<\/p>\n\n\n\n<p>Sakrament bierzmowania jest <strong>sakramentem umacniaj\u0105cym i podtrzymuj\u0105cym \u017cycie w wierze<\/strong>.<\/p>\n\n\n\n<p>W obrz\u0119dzie bierzmowania najwa\u017cniejszym znakiem jest namaszczenie krzy\u017cmem, kt\u00f3re jest piecz\u0119ci\u0105 Ducha \u015awi\u0119tego. Chrze\u015bcijanin przyjmuj\u0105cy ten sakrament decyduje si\u0119 na ca\u0142kowit\u0105 przynale\u017cno\u015b\u0107 do Chrystusa i oddanie si\u0119 na Jego s\u0142u\u017cb\u0119. To znami\u0119 Ducha jest tak\u017ce znakiem obietnicy Bo\u017cej opieki.<\/p>\n\n\n\n<p>Bierzmowanie przynosi wzrost i pog\u0142\u0119bienie \u0142aski chrzcielnej. \u015aci\u015blej jednoczy z Chrystusem, pomna\u017ca dary Ducha \u015awi\u0119tego, umacnia wi\u0119\u017a z Ko\u015bcio\u0142em oraz udziela specjalnej mocy do szerzenia i obrony wiary s\u0142owem i czynem.<\/p>\n\n\n\n<p>Pierwszym warunkiem przyj\u0119cia bierzmowania jest w pe\u0142ni \u015bwiadoma, osobista decyzja. Sakrament bierzmowania stanowi przej\u015bcie w wiar\u0119 dojrza\u0142\u0105, dlatego mo\u017ce do niego przyst\u0105pi\u0107 osoba, kt\u00f3ra pragnie rozwija\u0107 w sobie chrze\u015bcija\u0144skie warto\u015bci i powierzy\u0107 swoje \u017cycie Bogu.<\/p>\n\n\n\n<p>Do sakramentu bierzmowania mo\u017ce przyst\u0105pi\u0107 osoba ochrzczona i znajduj\u0105ca si\u0119 w stanie \u0142aski u\u015bwi\u0119caj\u0105cej.<\/p>\n\n\n\n<p><strong>Imi\u0119 do bierzmowania<\/strong><\/p>\n\n\n\n<p>Kandydat wybiera imi\u0119 \u015bwi\u0119tego, kt\u00f3ry b\u0119dzie dla niego wzorem \u017cycia chrze\u015bcija\u0144skiego. Kryterium wyboru imienia nie powinno by\u0107 zwi\u0105zane z jego atrakcyjno\u015bci\u0105, ale pi\u0119knem \u017cycia tego, kogo wybiera si\u0119 za patrona. Przyst\u0119puj\u0105cy do sakramentu bierzmowania pozostawiaj\u0105c imi\u0119 chrzcielne lub przyjmuj\u0105c nowe, powinni zapozna\u0107 si\u0119 z \u017cyciorysem swojego patrona, u\u015bwiadamiaj\u0105c sobie przymioty, kt\u00f3re chcieliby na\u015bladowa\u0107 w \u017cyciu.<\/p>\n\n\n\n<p><strong>\u015awiadek bierzmowania<\/strong><\/p>\n\n\n\n<p>W celu wyra\u017anego zaznaczenia jedno\u015bci sakrament\u00f3w chrztu i bierzmowania \u015bwiadkami bierzmowania powinni by\u0107 rodzice chrzestni, o ile w dalszym ci\u0105gu s\u0105 wierz\u0105cymi i praktykuj\u0105cymi katolikami (KKK 1309). Tam gdzie nie jest to mo\u017cliwe \u015bwiadkiem mo\u017ce by\u0107 osoba, kt\u00f3ra ju\u017c przyj\u0119\u0142a wszystkie sakramenty inicjacji chrze\u015bcija\u0144skiej, uko\u0144czy\u0142a 16. rok \u017cycia oraz jest wierz\u0105cym i praktykuj\u0105cym katolikiem.<\/p>\n\n\n\n<p>Do sakramentu bierzmowania przyst\u0119puj\u0105 uczniowie VIII klasy szko\u0142y podstawowej. Przygotowuj\u0105 si\u0119 podczas katechezy, na kt\u00f3r\u0105 ucz\u0119szczaj\u0105 w szkole na lekcjach religii. W tym okresie kandydaci oraz ich rodzice zobowi\u0105zani s\u0105 w szczeg\u00f3lny spos\u00f3b do udzia\u0142u w niedzielnej Mszy \u015bw. oraz nabo\u017ce\u0144stwach pa\u017adziernikowych, majowym a w Wielkim Po\u015bcie w drodze krzy\u017cowej co potwierdzaj\u0105 w otrzymanych indeksach.<\/p>\n\n\n\n<p>Terminy spotka\u0144 b\u0119d\u0105 na bie\u017c\u0105co podawane podczas spotka\u0144 organizacyjnych, oraz w og\u0142oszeniach parafialnych.<\/p>\n\n\n\n<p>Doro\u015bli, kt\u00f3rzy chcieliby przyst\u0105pi\u0107 do sakramentu bierzmowania, a nie uczynili tego do tej pory z r\u00f3\u017cnych wzgl\u0119d\u00f3w, powinni osobi\u015bcie zg\u0142osi\u0107 si\u0119 do ksi\u0119dza proboszcza.<\/p>\n\n\n\n<p>W przypadku pyta\u0144 i w\u0105tpliwo\u015bci prosimy o kontakt z ks. Wojciechem Turkiem odpowiedzialnym za formacj\u0119 kandydat\u00f3w do bierzmowania.<\/p>\n\n\n\n<p><strong>Dokumenty:<\/strong><\/p>\n\n\n\n<ul class=\"wp-block-list\">\n<li>\u015bwiadectwo Chrztu<\/li>\n<\/ul>\n","protected":false},"excerpt":{"rendered":"<p>Uroczysto\u015b\u0107 Bierzmowania 25 kwietnia 2025 r na Mszy \u015bwi\u0119tej o godzinie 1500. Bierzmowanie jest kolejnym spo\u015br\u00f3d sakrament\u00f3w wtajemniczenia chrze\u015bcija\u0144skiego. Przyj\u0119cie tego sakramentu jest koniecznym dope\u0142nieniem<\/p>\n","protected":false},"author":1,"featured_media":0,"parent":0,"menu_order":0,"comment_status":"closed","ping_status":"closed","template":"","meta":{"footnotes":""},"class_list":["post-2965","page","type-page","status-publish","hentry"],"_links":{"self":[{"href":"http:\/\/parafialapy-pp.pl\/index.php\/wp-json\/wp\/v2\/pages\/2965","targetHints":{"allow":["GET"]}}],"collection":[{"href":"http:\/\/parafialapy-pp.pl\/index.php\/wp-json\/wp\/v2\/pages"}],"about":[{"href":"http:\/\/parafialapy-pp.pl\/index.php\/wp-json\/wp\/v2\/types\/page"}],"author":[{"embeddable":true,"href":"http:\/\/parafialapy-pp.pl\/index.php\/wp-json\/wp\/v2\/users\/1"}],"replies":[{"embeddable":true,"href":"http:\/\/parafialapy-pp.pl\/index.php\/wp-json\/wp\/v2\/comments?post=2965"}],"version-history":[{"count":6,"href":"http:\/\/parafialapy-pp.pl\/index.php\/wp-json\/wp\/v2\/pages\/2965\/revisions"}],"predecessor-version":[{"id":3625,"href":"http:\/\/parafialapy-pp.pl\/index.php\/wp-json\/wp\/v2\/pages\/2965\/revisions\/3625"}],"wp:attachment":[{"href":"http:\/\/parafialapy-pp.pl\/index.php\/wp-json\/wp\/v2\/media?parent=2965"}],"curies":[{"name":"wp","href":"https:\/\/api.w.org\/{rel}","templated":true}]}}

<p class="has-background has-large-font-size" style="background:linear-gradient(65deg,rgb(254,205,165) 0%,rgb(254,45,45) 89%,rgb(107,0,62) 100%)"><strong>Uroczystość Bierzmowania </strong><br><strong>25 kwietnia 2025 r na Mszy świętej o godzinie 15<sup>00</sup>.</strong></p>



<p>Bierzmowanie jest kolejnym spośród sakramentów wtajemniczenia chrześcijańskiego. Przyjęcie tego sakramentu jest koniecznym dopełnieniem łaski chrztu świętego.</p>



<p>Sakrament bierzmowania jest <strong>sakramentem umacniającym i podtrzymującym życie w wierze</strong>.</p>



<p>W obrzędzie bierzmowania najważniejszym znakiem jest namaszczenie krzyżmem, które jest pieczęcią Ducha Świętego. Chrześcijanin przyjmujący ten sakrament decyduje się na całkowitą przynależność do Chrystusa i oddanie się na Jego służbę. To znamię Ducha jest także znakiem obietnicy Bożej opieki.</p>



<p>Bierzmowanie przynosi wzrost i pogłębienie łaski chrzcielnej. Ściślej jednoczy z Chrystusem, pomnaża dary Ducha Świętego, umacnia więź z Kościołem oraz udziela specjalnej mocy do szerzenia i obrony wiary słowem i czynem.</p>



<p>Pierwszym warunkiem przyjęcia bierzmowania jest w pełni świadoma, osobista decyzja. Sakrament bierzmowania stanowi przejście w wiarę dojrzałą, dlatego może do niego przystąpić osoba, która pragnie rozwijać w sobie chrześcijańskie wartości i powierzyć swoje życie Bogu.</p>



<p>Do sakramentu bierzmowania może przystąpić osoba ochrzczona i znajdująca się w stanie łaski uświęcającej.</p>



<p><strong>Imię do bierzmowania</strong></p>



<p>Kandydat wybiera imię świętego, który będzie dla niego wzorem życia chrześcijańskiego. Kryterium wyboru imienia nie powinno być związane z jego atrakcyjnością, ale pięknem życia tego, kogo wybiera się za patrona. Przystępujący do sakramentu bierzmowania pozostawiając imię chrzcielne lub przyjmując nowe, powinni zapoznać się z życiorysem swojego patrona, uświadamiając sobie przymioty, które chcieliby naśladować w życiu.</p>



<p><strong>Świadek bierzmowania</strong></p>



<p>W celu wyraźnego zaznaczenia jedności sakramentów chrztu i bierzmowania świadkami bierzmowania powinni być rodzice chrzestni, o ile w dalszym ciągu są wierzącymi i praktykującymi katolikami (KKK 1309). Tam gdzie nie jest to możliwe świadkiem może być osoba, która już przyjęła wszystkie sakramenty inicjacji chrześcijańskiej, ukończyła 16. rok życia oraz jest wierzącym i praktykującym katolikiem.</p>



<p>Do sakramentu bierzmowania przystępują uczniowie VIII klasy szkoły podstawowej. Przygotowują się podczas katechezy, na którą uczęszczają w szkole na lekcjach religii. W tym okresie kandydaci oraz ich rodzice zobowiązani są w szczególny sposób do udziału w niedzielnej Mszy św. oraz nabożeństwach październikowych, majowym a w Wielkim Poście w drodze krzyżowej co potwierdzają w otrzymanych indeksach.</p>



<p>Terminy spotkań będą na bieżąco podawane podczas spotkań organizacyjnych, oraz w ogłoszeniach parafialnych.</p>



<p>Dorośli, którzy chcieliby przystąpić do sakramentu bierzmowania, a nie uczynili tego do tej pory z różnych względów, powinni osobiście zgłosić się do księdza proboszcza.</p>



<p>W przypadku pytań i wątpliwości prosimy o kontakt z ks. Wojciechem Turkiem odpowiedzialnym za formację kandydatów do bierzmowania.</p>



<p><strong>Dokumenty:</strong></p>



<ul class="wp-block-list">
<li>świadectwo Chrztu</li>
</ul>

<p>Uroczystość Bierzmowania 25 kwietnia 2025 r na Mszy świętej o godzinie 1500. Bierzmowanie jest kolejnym spośród sakramentów wtajemniczenia chrześcijańskiego. Przyjęcie tego sakramentu jest koniecznym dopełnieniem</p>
